65 = -n*c. Let o(p) = p**3 - 3*p**2 - 5*p - 5. Calculate o(c).
20
Let m = 50 - 47. Let u(s) = 14*s**m - 25*s**3 + 6 + 10*s**3 - 6*s**2. Determine u(-6).
6
Let f be 7 + (2 - 2)/2. Suppose -5 = -z + f. Let a = 11 - z. Let u(w) = -6*w**2 - w. What is u(a)?
-5
Let c(p) = p. Let j(a) = a**2 - a - 7. Let v be j(7). Let m = v - 29. Give c(m).
6
Let a = 28 - -1. Suppose 0*h - 2*h = -14. Suppose -5*q + 2*u - a = u, 3*q + h = -2*u. Let w(y) = y**3 + 5*y**2 + 2*y + 2. What is w(q)?
-8
Let b(g) be the second derivative of g**4/12 - 7*g**3/6 + 5*g**2/2 + 2*g - 142. Let r be 6 + 2*2/(-4). Determine b(r).
-5
Suppose -2*b - 8 = -6*b. Suppose 0 = 3*c - 0*d + 5*d - 3, -2*d + 6 = b*c. Let k be (-94)/(-18) - c/27. Let z(f) = -f**2 + 3*f + 1. Determine z(k).
-9
Let v(y) = y**2 - 9*y + 18. Let u be v(13). Let b(r) = 5 + u*r - 2 - 4 - 73*r. Suppose 3*w + 20 = -2*w. Give b(w).
11
Let o(s) be the third derivative of -1/2*s**3 + 6*s**2 + 1/6*s**4 + 1/60*s**5 + 0 + 0*s. Determine o(-6).
9
Let w(c) be the first derivative of c**5/60 - c**4/24 + c**3/6 - 7*c**2/2 - 6. Let h(y) be the second derivative of w(y). Give h(4).
13
Let a(f) = -7*f - 26. Let p = -2272 + 2268. Give a(p).
2
Let p(j) = 5 + 0*j**2 - 54*j + j**2 + 56*j - 2*j**2 + 3*j**2. Calculate p(-5).
45
Let a(x) = -22*x + 7. Let m(d) = -7*d + 2. Let f(c) = -2*a(c) + 7*m(c). Suppose 4*q - 1 = 5*q. Let h be (-12)/(-24)*(-3 + q). What is f(h)?
10
Let b(r) be the second derivative of -r**4/12 - 5*r**3/2 - 9*r**2 - 5*r - 3. Give b(-14).
-4
Let i(p) = 7*p**3 + 5*p**2 + 7*p + 7. Let y(g) = 5*g**3 + 5*g**2 + 6*g + 6. Let m(j) = -2*i(j) + 3*y(j). Determine m(-4).
4
Let q(r) be the second derivative of -r**4/12 - r**3/3 - 97*r. Give q(-4).
-8
Let f(j) = -3*j**3 - 4*j**2 + j**3 + j**3 + 5 + 2*j. Let i(q) = -28*q. Let l be i(-1). Let r be l/7 - (10 + -2). Determine f(r).
-3
Let h(y) be the second derivative of 0 - 7/2*y**2 + 1/3*y**3 - 22*y. Let b be -1*2 - (-16)/2. What is h(b)?
5
Let b(o) = -o**3 + 4*o**2 - 8*o + 4. Let p be b(3). Let j(w) = -w - 25. Calculate j(p).
-14
Let i(u) be the first derivative of u + u**2 - 2/3*u**3 - 24. What is i(2)?
-3
Let v(l) = -17*l**2 + 23*l + 13. Let m(d) = -12*d**2 + 16*d + 9. Let k(f) = -10*m(f) + 7*v(f). Suppose 9*i - 4*i = 10. Determine k(i).
7
Let c(b) be the first derivative of 9*b**4/2 - b - 161. Suppose -3 = 5*j - 8. Give c(j).
17
Suppose 8 = -w + 10. Let z(m) = -6 + 5 - w*m - 4*m + m. Calculate z(-2).
9
Let w be -3*(-4)/(-72) + 1/2. Let l(z) be the first derivative of -3 - 1/2*z**2 - z - w*z**3. Calculate l(-2).
-3
Let m(g) be the first derivative of g**6/120 - g**4/24 + 7*g**2/2 + 4. Let v(p) be the second derivative of m(p). Calculate v(-1).
0
Let z be ((2 - 2)*1)/(-3). Let u(p) = 5*p**2 - 4 - p**3 + z - p + 2*p. Give u(5).
1
Suppose 24 = 35*p - 11. Let y(d) = -3*d**2 + 2*d - 1. Give y(p).
-2
Let z(k) be the second derivative of -1/2*k**2 + 0 + 1/2*k**4 - 1/6*k**3 - 12*k. Suppose -4*g + 2*n = 4*n + 12, 11 = -3*g - 2*n. Determine z(g).
6
Let c(r) = r**3 + 6*r**2 + 4*r + 3. Let q be (-60)/(-16) - (-2)/8. Let t = -15 + 9. Let x = t + q. What is c(x)?
11
Let n = 6 - 2. Let o(h) = 1. Let w(r) be the first derivative of r**3/3 - 3*r**2/2 - 2*r + 1. Let y(t) = n*o(t) + w(t). Determine y(3).
2
Let o(v) = v**2 - 2*v - 1. Let m = 8 + -6. Let r(f) = 2*f**3 - 3*f**2 - f + 3. Let z be r(m). Suppose -4*s + 3*i + 14 = -4, -22 = -4*s + z*i. What is o(s)?
2
Let u(f) = 7 - 16 - 3*f + 11 + 0 + f**2. Calculate u(-3).
20
Suppose 0 = 2*y + 2*y + 8. Let o(k) = -4 - 32*k + 10*k + 21*k. Give o(y).
-2
Let y(v) = v - 1. Let c(h) = -6*h + 20. Let q(j) = -c(j) - 5*y(j). Suppose 0 = -l + 57 - 49. Calculate q(l).
-7
Let l(d) = -d - 2. Let t be l(-4). Let y(i) be the third derivative of 9*i**2 + 0 + 0*i + 1/12*i**4 - 1/2*i**3. Give y(t).
1
Let r(b) = -9*b**2 - b + 1. Let a(s) = 2*s + 1. Let w be a(-2). Let d be (3 + w + 0)/(-2). Suppose l = -4*i - 14 - 1, d = -3*l + i + 7. Calculate r(l).
-9
Let f(s) = -s**3 + 3*s**2 - 1. Let c = 7 - 3. Let u(p) = 6*p - 8 - 2*p**2 + 1 + p**2 + c. Let g be u(5). Calculate f(g).
3
Suppose -x + 29 = -5*m, 0 = -3*x + 2*m + 59 - 37. Let k(p) = -p**3 + 5*p**2 - 2*p + 4. What is k(x)?
12
Let h(n) = n**2 + 5*n - 7. Let v(r) = r - 1. Let i(d) = -h(d) + 4*v(d). Let a(s) = -s**2 + 9*s + 13. Let p be a(10). What is i(p)?
-9
Let j(c) = c**3 - 2*c**2 - 4*c - 2. Let k be j(-1). Let l(d) be the first derivative of -19*d**3/3 + d - 5. What is l(k)?
-18
Suppose -4*y + 9 = -y. Let x = -54 - -72. Let s(f) = -f**2 - 18*f + 37*f - 3 - x*f. Determine s(y).
-9
Suppose 178*o = 179*o. Let d(y) = 2*y + 1 - y + 2 - y**2. Give d(o).
3
Let d(a) be the second derivative of -a**4/12 - 7*a**3/6 + a**2 - 33*a. What is d(-8)?
-6
Let f(h) = 2*h**3 - 12*h**2 + h - 14. Let r be f(6). Let w(n) = -n**3 - 9*n**2 - 8*n + 2. Calculate w(r).
2
Suppose -8*v + 12 = -4*v. Let f(r) = -5*r + 4 - 4*r + r - r**2 + v*r. Give f(-6).
-2
Suppose -263*o = -264*o - 2. Suppose -4*s + 50 = -5*r, 4*s + 46 = 8*s - 3*r. Let c(x) = -4 + 2 - 11*x**3 + s*x**3 + 1. Give c(o).
7
Let a(o) = -139*o**3 - 9*o**2 - 10*o - 3. Let b(s) = -209*s**3 - 14*s**2 - 16*s - 5. Let y(d) = 8*a(d) - 5*b(d). Give y(1).
-68
Let s(v) = -4*v - 17. Let z(x) = -x - 2. Let q(g) = s(g) - 6*z(g). Give q(10).
15
Let f(w) = w**3 - 2*w**2 - w - 1. Suppose z = -z + 8. Let b(c) = 2*c**3 - 5*c**2 - 2*c - 1. Let p(i) = z*b(i) - 7*f(i). What is p(6)?
-3
Let j(z) = -2*z + 12380*z**3 - 3 + 4 - 12384*z**3. What is j(1)?
-5
Suppose -k + 14 = 2*d + d, 0 = -2*d - 6. Suppose p = -4*w - k, 0*p - 2*p + 5*w + 19 = 0. Let v(f) = 2*f**2 + 1 - f - f + 3 + f**3. Give v(p).
1
Let k(m) = m**2 - 5*m + 9. Let j be ((-4)/5)/2*(-456 + 446). Calculate k(j).
5
Let s(d) = d - 1. Let w(b) = b**2 - 11*b - 10. Let o be 90/(-210) + 3/((-21)/4). Let t(j) = o*s(j) - w(j). Calculate t(11).
0
Suppose -5*j + 2*c - 6 - 3 = 0, 5*j = 4*c - 3. Let z(h) = -3*h**2 - 151*h + 1 - 97*h + h**3 + 125*h + 125*h + 5*h**2. Give z(j).
-14
Let x(f) = 2*f**3 + 48*f**2 - 50*f - 3. Let j be x(-25). Let g(q) = -6*q - 10. Give g(j).
8
Suppose 78 = -10*i + 108. Let j(k) = k**3 - k**2 - 3*k + 1. Calculate j(i).
10
Let m(f) be the second derivative of -f**3/6 + 3*f**2/2 - f + 23. Let q(x) = -3*x. Let g be q(-2). Determine m(g).
-3
Suppose 1 - 1 = 3*z. Let s be (z - 3)/(30/40). Let r(j) = -3*j - 2. Give r(s).
10
Let a(j) = -j**3 + 11*j**2 - 7*j - 24. Let d(r) = -r**3 + 10*r**2 + 10. Let m be d(10). Let w be a(m). Let t(l) = l**3 - 7*l**2 + 5*l + 2. Determine t(w).
-4
Let o = -133 + 130. Let b(n) = -n**3 - 5*n**2 - 4*n + 1. Give b(o).
-5
Let t(g) be the second derivative of g**7/2520 - g**6/240 - g**5/24 - g**4/6 - 5*g. Let b(i) be the third derivative of t(i). Determine b(5).
5
Let u(f) = -f**2 - 5*f - 8. Let p(o) be the first derivative of 2*o**3/3 + 11*o**2/2 + 16*o - 4. Let m(t) = 6*p(t) + 11*u(t). Give m(-9).
-10
Let s(t) = -t**3 + 9*t**2 + 2*t + 5. Let w(z) = -z**3 + 10*z**2 + 2*z + 5. Let b(o) = 4*s(o) - 3*w(o). Let k = 102 + -96. What is b(k)?
17
Let a(b) = 6*b - 6. Let o(g) = 18*g - 16. Let c(n) = 14*a(n) - 5*o(n). Give c(4).
-28
Let g(b) = -b**3 + 7*b**2 + 2*b - 10. Let m be g(7). Let k(r) = 0*r - m*r**2 + 2*r**2 + r**2 + r. Give k(1).
0
Suppose -i = -2*i + 1. Let j(z) = 46*z**3 + 6*z**2 - 10. Let l(c) = 15*c**3 + 2*c**2 - 3. Let a(n) = -2*j(n) + 7*l(n). Give a(i).
14
Let q(x) be the third derivative of -x**4/8 - x**3/2 - 3*x**2. Let d(k) = -k - 17. Let n be d(-15). Let r be (3 - 95/25)/(n/(-5)). What is q(r)?
3
Let p(j) be the first derivative of -2*j**3 - 5*j - 45 - j**2 - 1/4*j**4. What is p(-6)?
7
Let t(j) = 76*j - 1 - 3 + j**2 - 71*j. Let n be t(-6). Let o(r) = 5*r - 1. Give o(n).
9
Let y be 1/(-2)*10*(-2)/(-10). Let t(p) = 1 - 1 + 1 + 2*p**2. What is t(y)?
3
Suppose -10 + 4 = 3*v. Let x(g) = -6*g + 8*g + 31 - 30. Calculate x(v).
-3
Let y(f) = -3*f**3 - 2*f**2 - 2*f - 2. Let n(o) = -o**3 - o**2 - o - 1. Let u(q) = 5*n(q) - y(q). Let w be 18/(-225) - (-48)/(-25). What is u(w)?
7
Let x(v) be the first derivative of -1/2*v**2 + v**3 + 1/4*v**4 + 0*v - 38. What is x(-3)?
3
Let t(l) = -l**2 - 5*l - 4. Suppose -r - 2 = -4, 5*x = -2*r + 14. Let p(y) = y - 10. Let f be p(11). Suppose -w = f + x. Give t(w).
2
Let p(i) = 3*i**2. Let s be p(2). Let t = -10 + s. Let j(v) = 4 - t*v**2 - 7*v**3 + 5*v + 10*v**3 - 4*v**3. What is j